ative of -l**4/8 + l**3/6 + 8*l**2. Suppose 1 = -3*h - 5. Is w(h) a composite number?
False
Suppose 2*y - 36 = 4*y. Let m = 188 - y. Let t = m + -119. Is t a prime number?
False
Let j = 2 + 1. Let r(y) = -y - j*y - y + 12. Is r(-13) prime?
False
Suppose -j = j + 10. Let v = j - -6. Let f(u) = 114*u**3 - u**2. Is f(v) a prime number?
True
Let w = 0 - 1. Let t = w - -2. Suppose -13 = -2*g + t. Is g composite?
False
Suppose -r = 2*r - 6. Suppose 0 = -2*p - 3*c + 10, -p + 3*c + r = 3*p. Suppose -4*a + p*v = -a - 239, -4*a + 3*v = -319. Is a prime?
True
Let d(q) = 135*q**2 + 2*q + 8. Is d(-3) a composite number?
False
Suppose 0*p + 3*p - 12 = 0, c + 4*p = 20. Is c prime?
False
Let j(k) = 76*k - 3. Suppose -3*m = -7 - 11. Suppose -2*p - m = -5*p. Is j(p) a composite number?
False
Suppose 157 = 3*j - 2*j. Suppose 3*z - j = 8. Is z prime?
False
Let s(h) = -h + 15. Let g be s(13). Is (2 + 0)/g - -58 composite?
False
Let t be (-10)/(-4) + 3/(-2). Let x = t + 5. Is x a composite number?
True
Suppose 4*r = 1 + 3. Let x be (r - 5)*(-3)/4. Let g(f) = 3*f**2 - 2*f + 1. Is g(x) a prime number?
False
Let f be (-2)/(-3) - (-3)/9. Let s be 3/3 + 33*f. Is (s/(-6))/((-1)/21) prime?
False
Let j be 3/(6/4*-1). Let k be j/3 + (-4)/(-6). Suppose -3 = -p - k. Is p a prime number?
True
Let i(u) = -9*u + u**3 + 9 + u**2 + u - 10. Is i(6) a prime number?
False
Suppose 0*u + 5*u = 0. Let q = 0 + u. Suppose 0 = -q*k - 2*k + 20. Is k a prime number?
False
Let x be (4/10)/(4/(-20)). Let a(j) = -j + 2. Let u be a(x). Suppose 2*k = -5*s + 165, s - 2*k = u*s - 99. Is s composite?
True
Let r(y) be the second derivative of 41*y**3/6 - 19*y**2/2 + 3*y. Is r(8) prime?
False
Let q = 77 - 157. Let i = q - -165. Is i composite?
True
Let w(u) = u**2 - 4*u + 3. Let k be w(4). Let a be ((-6)/(-18))/(2/78). Suppose -k*d = -5 - a. Is d composite?
True
Let b = -118 - -329. Is b a composite number?
False
Suppose 4*c = 2*c + 26. Suppose -7*b - 10 = -2*b. Let v = b + c. Is v a composite number?
False
Let y(p) = -2 + 0 + 0 - 4 + 2*p. Let r be y(6). Is (69 - r/3)/1 a composite number?
False
Let y(s) = 166*s - 7. Is y(19) a prime number?
False
Suppose -250 + 100 = -3*x. Let m = x + 3. Is m prime?
True
Suppose -r = -5*r + 12, -325 = -2*c + 3*r. Is c prime?
True
Let c(h) = h + 12. Suppose -q - 11 = w, 3*w = -2*w - 10. Let l be c(q). Is (-2 + -67)*(-1)/l prime?
True
Suppose 2036 + 8763 = 3*c + 5*h, 0 = -c - 2*h + 3599. Is c composite?
True
Let s be 396 + 1/((-3)/9). Suppose -x + s = 2*x. Is x composite?
False
Suppose 7 = 5*k - 3. Let y = k + 4. Is 85*(-1)/((-15)/y) composite?
True
Let t(o) = -o**2 - 21*o + 17. Let f = -26 + 12. Is t(f) a composite number?
True
Suppose z + 1 + 9 = 0. Let n = z + -1. Let s = n + 130. Is s a composite number?
True
Suppose -20 - 8 = 2*t. Let h = t - -49. Is h prime?
False
Suppose u - 3411 = -8*u. Is u prime?
True
Suppose -2*b + 38 = -40. Is b a composite number?
True
Let f(l) = -l**3 + 12*l**2 - 9*l - 7. Is f(10) a prime number?
True
Suppose -3*v + 9 = v - 3*k, k + 2 = v. Suppose -5*u + v = -7. Suppose u*h = -3*h + 1045. Is h a prime number?
False
Let i(l) = 308*l**3 - 1. Is i(1) a composite number?
False
Suppose 3*d + 2*b = 248, 4*d = -d - 4*b + 416. Suppose 336 - 55 = 4*g - 5*u, g - d = -2*u. Let m = -37 + g. Is m prime?
True
Let h(w) = -199*w + 13. Is h(-6) a composite number?
True
Let n = 24 + -95. Let l = 47 + n. Let t = 29 - l. Is t composite?
False
Let j be (-2 + 1)/((-11)/2805). Let r = 10 + -6. Suppose -5*o + 108 + 212 = -5*k, -5*k = -r*o + j. Is o a composite number?
True
Suppose 10*x = 5*x + 2955. Let f be x/6 - 1/2. Let t = -49 + f. Is t composite?
True
Let c(p) be the first derivative of p**3 + 7*p**2/2 + 20*p + 1. Let w(b) = 2*b**2 + 3*b + 10. Let v(y) = -3*c(y) + 5*w(y). Is v(8) prime?
False
Suppose -2059 + 18391 = 12*v. Is v prime?
True
Suppose 2*c = -3*m + 274 + 73, 0 = 5*m + 15. Is c a composite number?
True
Suppose 4*v - 7 - 1 = 0. Suppose v*k + 18 = k. Is 2/(-9) + (-238)/k composite?
False
Suppose 41 = 4*m + 17. Suppose 5*q - 2*t - m = 0, 2*t - 4 = q - 2. Suppose 0 = a + 2 - 1, -3*a = -q*s + 41. Is s prime?
True
Let j(u) = 19*u + 3. Let p be j(4). Let z = p + -46. Is z prime?
False
Let i(r) = -22*r + 16. Let g be i(-14). Let v = -167 + g. Is v composite?
False
Let c(a) = 10*a + 2. Let m be c(-3). Suppose 641 = 3*f + 236. Let n = f - m. Is n composite?
False
Suppose 1528 = 15*l - 11*l. Is l a composite number?
True
Let y(k) be the third derivative of 7*k**4/24 - 5*k**3/6 + 2*k**2. Is y(6) a composite number?
False
Suppose 5*q + 615 = -3*n, 5*n + 1419 - 375 = -2*q. Is ((3 - n) + -2)/1 prime?
True
Suppose 0 = -0*m + 2*m - 10. Suppose -m*u + 288 = -427. Is u a composite number?
True
Let o be (5 + -12)/(0 - 1). Suppose -r + o = -6. Is r a prime number?
True
Let y be 4*((-45)/(-12) + -3). Suppose 1 = 3*g + 2*h, g + h = 4 - y. Let o(k) = 38*k**2 - 1. Is o(g) a composite number?
False
Let m be -1*2 - (-15)/3. Suppose 67 = m*i - 2*i. Is i a composite number?
False
Suppose 6*n - 5*n + 5 = 0, 2*y = n + 9. Is y/(-4) + 108/8 prime?
True
Let v be (-8 - -7)*5*1. Let x = 7 + v. Suppose 98 = -0*m + x*m - f, 0 = -3*m + f + 147. Is m prime?
False
Is ((-23416)/24)/((-3)/9) prime?
True
Let t = 16 - 14. Is (119/(-14))/(t/(-28)) a prime number?
False
Suppose u = -u. Suppose -4*i + 5*x + 102 = u, -2*i + 3*x + 28 = -24. Is i a prime number?
True
Suppose -3*d = 5*v - 1046, -v - 1706 = -6*d + d. Suppose 0 = -f - f + d. Suppose 0 = 5*y - 4*u - f, 0*y = -2*y - 5*u + 42. Is y prime?
True
Let k = 13 - 6. Is k prime?
True
Let q be ((-1 + 2)*-8)/(-2). Let u be 26/(-2 - q*-1). Suppose -w + 2*w = u. Is w a prime number?
True
Let g(z) = -z**2 - 53*z**3 + 1 + 0*z + z + 21*z**3. Suppose 5*h + 3 = -7. Is g(h) prime?
True
Let t(i) = -26*i**2. Let z be t(1). Let j = -22 + -15. Let k = z - j. Is k a composite number?
False
Let l(u) = -u**3 + 4*u**2 - 2*u. Let c be l(3). Suppose 12 = -5*i + 3*g, -2*i - 12 = -7*i - c*g. Suppose -2*p + 15 + 3 = i. Is p a prime number?
False
Let q(g) = 3*g**2 + 5*g + 3. Is q(-8) a composite number?
True
Let f = -4 + 4. Suppose q - 3*q + 506 = f. Is q a prime number?
False
Let x(n) = -233*n + 3. Is x(-6) composite?
True
Is 2 + -3 - 0 - -2150 a composite number?
True
Let h = 589 - 9. Suppose h = -g + 5*g. Is g a prime number?
False
Suppose w - 9 = 14. Let f = 70 - w. Is f a composite number?
False
Suppose -64 - 32 = -2*y. Suppose -2*i - 103 = -3*i. Let r = i - y. Is r prime?
False
Let s be (-4)/(-10) + 2/(-5). Let k(h) = 52*h + 2. Let u be k(3). Suppose 2*f - u = -s*f. Is f prime?
True
Let q(n) = 2*n**3 - 4*n**2 + n + 4. Let d be q(5). Let i = d - 110. Is i composite?
True
Let r be 13 - 3 - (0 + -1). Let x = -5 + r. Suppose -66 = -x*p + 3*p. Is p a prime number?
False
Let d = 8 - 8. Is 1 + 0 + d + 138 a composite number?
False
Let m(b) = -b**2 - 17*b - 15. Is m(-10) composite?
True
Suppose 3*b - 5*g - 291 = 0, -6*g + 77 = b - g. Suppose -4*h = -8*h + b. Is h a prime number?
True
Let q = 44 + 105. Is q prime?
True
Let w be (0 - -3)/((-3)/(-159)). Suppose 0 = -3*p + 5*v + 189, -5*v + w = -0*p + 3*p. Is p a composite number?
True
Let o(y) = -3 + 4 + 3*y - 63*y**2 - 2*y. Let q be o(-1). Let c = -32 - q. Is c a composite number?
False
Suppose 3*v = 7*v - 4772. Is v a prime number?
True
Let a(d) = -5*d - 1. Let c be a(-1). Suppose g = c*n - 36, -2*n + 3*n - 5*g = 9. Is (n - -4)*(-14)/(-2) composite?
True
Suppose 0*j = -3*j + 9. Suppose 4*x = j*x + 85. Is x composite?
True
Suppose k + 3*m = 6*k - 1453, -5*m - 859 = -3*k. Is k composite?
False
Let b = 47 - 13. Suppose -3*j = 5*x - b, 5*j + 18 = x - 0*j. Suppose -3*s = -x*s + 75. Is s a composite number?
True
Suppose -1054 = -5*z + 1. Is z a prime number?
True
Let l(a) = a**3 + 10*a**2 - 3*a - 5. Suppose 0 = 3*g - 3, 3*j = 2*g + 28. Let q(r) = -2*r + 13. Let h be q(j). Is l(h) composite?
False
Let y be ((-4)/(-3))/(6/9). Suppose -v - 5*c = -y*c - 62, -3*v - c = -162. Is v composite?
False
Suppose 4*m - 4 = -z - 1, 4*m - z = 13. Suppose -4*k + 4*d + 280 = 0, -4*k = -7*k + m*d + 211. Is k composite?
False
Suppose -2*p = -5*g - 27, 0 = -p + 3*g + 11 + 3. Is p composite?
False
Let g be 1*(-9)/(-6)*2. Suppose 0 = 4*o - 5*o - 5, -v + 200 = -g*o. Is v composite?
True
Let i(j) = 2*j**2 - 5*j - 16. Is i(-17) composite?
False
Le